2 - 261*p + 76. What is s(51)?
-230
Let q(c) = -7*c**3 - 11*c**2 + 34*c + 107. Determine q(4).
-381
Let d(v) = -5*v**2 - 54*v - 132. Determine d(-7).
1
Let p(w) = -w**3 + 89*w**2 - 78*w - 882. Calculate p(88).
-2
Let o(p) = -75*p + 2398. Calculate o(32).
-2
Let t(i) = -2*i**2 + 21*i - 23. Determine t(14).
-121
Let t(r) = r**3 + 84*r**2 + 323*r + 242. Determine t(-80).
2
Let d(m) = 80*m - 1478. Calculate d(8).
-838
Let o(c) = c**3 - 9*c**2 + 5*c - 45. Calculate o(9).
0
Let g(p) = 30*p + 646. Calculate g(-22).
-14
Let q(f) = -31*f + 313. What is q(9)?
34
Let j(y) = y**3 + 22*y**2 + 84*y + 5. What is j(-17)?
22
Let j(a) = 865*a + 1732. Calculate j(-2).
2
Let i(y) = -4*y**2 + 28*y - 13. Determine i(10).
-133
Let o(w) = -5*w**3 - 101*w**2 - 19*w + 32. Calculate o(-20).
12
Let f(v) = -6*v**2 - 13*v + 46. Give f(3).
-47
Let v(c) = 4*c**2 + 47*c + 274. Calculate v(-16).
546
Let d(m) = -158*m - 473. Calculate d(-3).
1
Let t(q) = -78*q**2 + 3668*q - 85. Give t(47).
9
Let x(u) = -37*u + 1. Calculate x(-16).
593
Let s(b) = 2*b**2 + 198*b + 2330. Determine s(-85).
-50
Let n(v) = v**3 - 47*v**2 - 1427*v + 18. What is n(-21)?
-3
Let g(u) = u**3 - 2*u**2 - 29*u + 26. Give g(-5).
-4
Let x(v) = 27*v**2 + 27*v + 8. Give x(4).
548
Let r(z) = 2*z**3 - 19*z**2 - 8*z - 57. Give r(10).
-37
Let a(t) = 313*t + 4085. Calculate a(-13).
16
Let r(c) = 2*c**3 + 185*c**2 + 274*c - 40. Calculate r(-91).
-131
Let k(y) = 3*y**2 + 21*y - 17. What is k(-8)?
7
Let o(u) = u**3 + 6*u**2 + 51*u + 2. Give o(-9).
-700
Let n(u) = u**2 - 3395*u - 30630. Calculate n(-9).
6
Let f(t) = 45*t - 7. Determine f(0).
-7
Let o(a) = 34*a - 43. What is o(2)?
25
Let o(n) = n**3 - 87*n**2 - 332*n + 13683. Give o(89).
-23
Let i(b) = 2*b**2 - 37*b + 151. Determine i(10).
-19
Let g(z) = 15*z - 607. Give g(42).
23
Let p(d) = 6*d**2 + 85*d - 11. Calculate p(-7).
-312
Let h(n) = 13*n - 468. Determine h(35).
-13
Let u(a) = -a**3 + 9*a**2 - 2*a - 8. Give u(0).
-8
Let u(z) = -417*z + 65. Calculate u(2).
-769
Let t(o) = -67*o + 682. Determine t(8).
146
Let h(s) = -s**3 - 37*s**2 - 130*s - 3368. What is h(-36)?
16
Let v(h) = -97*h + 1089. Determine v(11).
22
Let u(z) = 75*z - 1441. Calculate u(22).
209
Let l(b) = b**2 + 47*b + 151. Calculate l(-22).
-399
Let n(h) = -2*h**3 - 4*h**2 - 22*h - 84. Calculate n(-3).
0
Let w(v) = 6*v**2 - 17*v - 283. What is w(-16)?
1525
Let r(i) = -736*i - 768. Calculate r(-1).
-32
Let x(s) = 4*s**2 + 36*s + 12. What is x(-12)?
156
Let d(j) = -j**3 - 69*j**2 - 313*j - 105. Calculate d(-64).
-553
Let a(q) = -2*q**3 + 113*q**2 + 178*q - 209. Give a(58).
23
Let b(y) = 1837*y + 10971. Calculate b(-6).
-51
Let u(k) = 65*k - 9810. Give u(151).
5
Let z(y) = -y**3 + 22*y**2 + 22*y + 71. What is z(23)?
48
Let o(j) = -j**2 - 2605*j + 8. Determine o(0).
8
Let o(b) = 6*b - 44. Calculate o(3).
-26
Let h(n) = 7*n**2 - 21*n + 104. What is h(4)?
132
Let y(k) = 14*k - 162. Determine y(51).
552
Let n(z) = -35*z**2 + 242*z - 11. Calculate n(7).
-32
Let q(t) = -5*t + 35. What is q(-7)?
70
Let n(h) = -h**2 - 33*h - 237. Calculate n(-22).
5
Let k(i) = i**3 - 39*i**2 - 59*i + 742. Calculate k(40).
-18
Let f(a) = -2*a**2 + 15*a + 124. What is f(-7)?
-79
Let i(y) = 10*y**3 - 6*y**2 + 2*y + 10. Calculate i(2).
70
Let o(y) = -y**3 - 203*y**2 - 403*y - 199. Calculate o(-201).
2
Let s(y) = 14*y - 8. What is s(3)?
34
Let r(q) = -q**2 - 22*q + 690. What is r(17)?
27
Let w(z) = 12*z**2 + 308*z - 118. Give w(-26).
-14
Let o(m) = 4*m - 22. Calculate o(12).
26
Let r(n) = 18*n + 880. Determine r(-49).
-2
Let i(r) = 206*r - 31718. What is i(154)?
6
Let c(r) = -3*r**3 + 114*r**2 - 3*r + 106. Calculate c(38).
-8
Let z(h) = h**3 + 15*h**2 + 48*h + 157. Determine z(-12).
13
Let n(c) = -8*c**2 - 93*c - 121. Determine n(-10).
9
Let i(l) = 2*l**2 - 17*l - 217. What is i(-7)?
0
Let m(r) = -9*r**2 - 50*r - 4. Determine m(-7).
-95
Let d(i) = 2*i**3 - 9*i**2 - 12*i + 109. What is d(7)?
270
Let g(d) = 4*d**3 + 4*d**2 - 14*d + 16. What is g(4)?
280
Let q(n) = -27*n**3 - 2*n**2 - 16*n - 30. Calculate q(-2).
210
Let u(x) = -532*x - 535. Calculate u(-1).
-3
Let b(d) = -70*d - 3055. Determine b(-43).
-45
Let p(s) = 100*s - 263. Determine p(3).
37
Let t(g) = -3*g - 2. Determine t(14).
-44
Let o(r) = -r**3 + 27*r**2 - 10*r + 191. Determine o(27).
-79
Let j(h) = -3*h**3 + 69*h**2 - 2*h - 129. Determine j(23).
-175
Let x(t) = -9*t**2 - 1306*t - 1437. Determine x(-144).
3
Let z(r) = -r**2 - 555*r - 9690. Calculate z(-18).
-24
Let m(o) = -274*o**2 + 2461*o + 40. What is m(9)?
-5
Let z(p) = -p**3 - 8*p**2 - 6*p + 4. Give z(-6).
-32
Let d(m) = 2*m**3 + 5*m**2 + 3*m - 91. Calculate d(0).
-91
Let u(t) = -4*t**3 - 49*t**2 + 11*t - 63. Calculate u(-13).
301
Let u(a) = -258*a - 57537. What is u(-223)?
-3
Let a(h) = -3*h**2 + 297*h - 586. Give a(2).
-4
Let u(v) = -7*v**2 + 111*v - 354. Determine u(11).
20
Let c(k) = -65*k + 257. What is c(4)?
-3
Let i(k) = k**3 - 13*k**2 + 28*k - 90. Calculate i(11).
-24
Let v(d) = -6*d**2 + 251*d + 7. What is v(42)?
-35
Let a(g) = -7*g**2 - 152*g - 3. What is a(0)?
-3
Let s(x) = 453*x + 498. Calculate s(-1).
45
Let x(y) = -y**3 + 109*y**2 + 436*y + 1812. Give x(113).
4
Let x(z) = -268*z**2 + 7*z + 2. Calculate x(-1).
-273
Let w(a) = 27*a + 481. Give w(-18).
-5
Let y(l) = 7*l**2 + 94*l + 34. Determine y(-12).
-86
Let n(s) = s**2 - 205*s + 9626. Give n(132).
-10
Let w(d) = -d**3 + 94*d**2 - 533*d + 24. Determine w(6).
-6
Let s(i) = 1084*i - 2171. Calculate s(2).
-3
Let v(s) = -236*s + 1658. Calculate v(7).
6
Let a(r) = 468*r**2 - 5*r - 6. Determine a(-1).
467
Let a(h) = -3*h**3 - 19*h**2 - 13*h + 5. Determine a(-5).
-30
Let w(c) = -75*c - 3449. What is w(-46)?
1
Let s(r) = 2*r**2 + 111*r - 1016. Calculate s(8).
0
Let s(g) = -149*g + 23991. Calculate s(161).
2
Let q(m) = -m**2 - 151*m - 726. What is q(-146)?
4
Let n(u) = -u**2 + 97*u - 1190. Determine n(14).
-28
Let p(i) = i**3 - 19*i**2 - 31*i + 901. Calculate p(18).
19
Let y(w) = -w**2 + 2*w - 132. Determine y(0).
-132
Let b(d) = 7*d**3 + 94*d**2 + 32*d + 16. Give b(-13).
107
Let v(r) = -r**3 + 6*r**2 + 13*r - 9. What is v(8)?
-33
Let a(c) = -26*c**3 + 2. Determine a(-1).
28
Let v(q) = -q**2 - 35*q - 43. Calculate v(-29).
131
Let y(j) = -j**3 - 10*j**2 + 12*j + 148. What is y(-9)?
-41
Let r(o) = 4*o**2 + 239*o + 310. What is r(-59)?
133
Let f(y) = -203*y + 1511. Determine f(7).
90
Let f(m) = 36*m - 430. What is f(12)?
2
Let i(a) = 81*a**2 + 1940*a - 98. Give i(-24).
-2
Let y(n) = n**2 + 48*n - 98. Give y(2).
2
Let p(v) = 129*v**3 + 2*v**2 + 3*v + 2. Determine p(-1).
-128
Let j(k) = -k**3 + 46*k**2 - 272*k + 33. Determine j(39).
72
Let p(k) = 8*k**3 - 812*k**2 - 418*k + 1020. What is p(102)?
0
Let d(m) = 258*m - 24244. Determine d(94).
8
Let s(v) = v**3 + 52*v**2 - 166*v - 133. Determine s(-55).
-78
Let o(f) = f**2 + 318*f - 3604. What is o(11)?
15
Let g(d) = -241*d + 9828. Determine g(41).
-53
Let y(j) = -88*j**3 - 4*j**2 + 5*j - 1. Determine y(1).
-88
Let q(x) = 297*x**3 + 11286*x**2 + 5*x + 196. Calculate q(-38).
6
Let k(o) = 2*o**3 + 136*o**2 - 135*o + 197. What is k(-69)?
-10
Let z(k) = 2*k**3 - 20*k**2 - 22*k + 402. What is z(6)?
-18
Let g(r) = -30*r - 154. Determine g(-10).
146
Let w(s) = -89*s - 894. Calculate w(-10).
-4
Let b(k) = k**3 - 38*k - 8. Give b(6).
-20
Let v(p) = 3*p**3 - 200*p**2 - 840*p + 37. What is v(-4)?
5
Let c(v) = -14*v - 224. Determine c(-11).
-70
Let d(l) = l**3 + 51*l**2 - 215*l - 11. Determine d(4).
9
Let u(d) = -d**3 - 210*d**2 - 417*d - 218. Determine u(-208).
-10
Let s(p) = -7*p**2 + 285*p + 1460. Determine s(-5).
-140
Let r(l) = 30*l**2 + 3539*l - 3686. Give r(-119).
3
Let c(f) = f**2 - 34*f - 728. Give c(-15).
7
Let k(q) = -2*q**2 - 2*q + 39. What is k(-8)?
-73
Let g(t) = 93*t + 549. Calculate g(-6).
-9
Let j(k) = -k**3 - 6*k**2 + 13*k - 35. Give j(-8).
-11
Let h(s) = s**2 - 18*s + 40. Calculate h(16).
8
Let b(o) = -o**3 - 12*o**2 - 13*o + 29. Calculate b(-11).
51
Let p(m) = 17*m - 103. What is p(7)?
16
Let a(c) = c**3 - 43*c**2 - 189*c + 27. Calculate a(47).
-20
Let k(a) = -3*a**3 - 32*a**2 - 91*a - 36. Determine k(-5).
-6
Let l(h) = h**3 + 6*h**2 - 21. Calculate l(-4).
11
Let h(u) = 21*u**2 - 195*u + 194. Give h(1).
20
Let i(d) = -d**3 - 31*d**2 - 26*d + 85. Calculate i(-30).
-35
Let u(z) = z**2 - 10*z - 150. What is u(-8)?
-